{"id":16125,"date":"2024-07-16T06:19:10","date_gmt":"2024-07-16T06:19:10","guid":{"rendered":"https:\/\/llantaselcuervo.es\/index.php\/producto\/torino-silver\/"},"modified":"2024-07-16T06:19:13","modified_gmt":"2024-07-16T06:19:13","slug":"torino-silver","status":"publish","type":"product","link":"https:\/\/llantaselcuervo.es\/index.php\/producto\/torino-silver\/","title":{"rendered":"TORINO SILVER"},"content":{"rendered":"<p>Modelo TORINO con aplicaci\u00f3n similar a la original para toda la gama ALFA ROMEO Y FIAT.<\/p>\n<p>MAK TORINO destaca por su sistema  O.E. FIT, que asegura el montaje de la torniller\u00eda original y la posibilidad de utilizar las tapas originales del veh\u00edculo para la actual gama de veh\u00edculos ALFA ROMEO Y FIAT.<\/p>\n","protected":false},"excerpt":{"rendered":"<p>1271<\/p>\n","protected":false},"featured_media":16127,"comment_status":"closed","ping_status":"open","template":"","meta":[],"pwb-brand":[],"product_brand":[],"product_cat":[79,81],"product_tag":[],"class_list":{"0":"post-16125","1":"product","2":"type-product","3":"status-publish","4":"has-post-thumbnail","6":"product_cat-llantas","7":"product_cat-mak-dedicated","9":"first","10":"instock","11":"product-type-simple"},"brands":[],"_links":{"self":[{"href":"https:\/\/llantaselcuervo.es\/index.php\/wp-json\/wp\/v2\/product\/16125","targetHints":{"allow":["GET"]}}],"collection":[{"href":"https:\/\/llantaselcuervo.es\/index.php\/wp-json\/wp\/v2\/product"}],"about":[{"href":"https:\/\/llantaselcuervo.es\/index.php\/wp-json\/wp\/v2\/types\/product"}],"replies":[{"embeddable":true,"href":"https:\/\/llantaselcuervo.es\/index.php\/wp-json\/wp\/v2\/comments?post=16125"}],"version-history":[{"count":1,"href":"https:\/\/llantaselcuervo.es\/index.php\/wp-json\/wp\/v2\/product\/16125\/revisions"}],"predecessor-version":[{"id":16126,"href":"https:\/\/llantaselcuervo.es\/index.php\/wp-json\/wp\/v2\/product\/16125\/revisions\/16126"}],"wp:featuredmedia":[{"embeddable":true,"href":"https:\/\/llantaselcuervo.es\/index.php\/wp-json\/wp\/v2\/media\/16127"}],"wp:attachment":[{"href":"https:\/\/llantaselcuervo.es\/index.php\/wp-json\/wp\/v2\/media?parent=16125"}],"wp:term":[{"taxonomy":"pwb-brand","embeddable":true,"href":"https:\/\/llantaselcuervo.es\/index.php\/wp-json\/wp\/v2\/pwb-brand?post=16125"},{"taxonomy":"product_brand","embeddable":true,"href":"https:\/\/llantaselcuervo.es\/index.php\/wp-json\/wp\/v2\/product_brand?post=16125"},{"taxonomy":"product_cat","embeddable":true,"href":"https:\/\/llantaselcuervo.es\/index.php\/wp-json\/wp\/v2\/product_cat?post=16125"},{"taxonomy":"product_tag","embeddable":true,"href":"https:\/\/llantaselcuervo.es\/index.php\/wp-json\/wp\/v2\/product_tag?post=16125"}],"curies":[{"name":"wp","href":"https:\/\/api.w.org\/{rel}","templated":true}]}}